{"id":2213,"date":"2020-07-06T12:11:55","date_gmt":"2020-07-06T10:11:55","guid":{"rendered":"https:\/\/kirchstrasse.ch\/?page_id=2213"},"modified":"2020-07-06T12:18:53","modified_gmt":"2020-07-06T10:18:53","slug":"beschreibung-kirchstasse-18","status":"publish","type":"page","link":"https:\/\/kirchstrasse.ch\/?page_id=2213","title":{"rendered":"Beschreibung Kirchstasse 18"},"content":{"rendered":"\n<h3>Geb\u00e4ude und Umgebung Allgemein<\/h3>\n<p>mit Komfortl\u00fcftung, individuell regelbar mit W\u00e4rmer\u00fcckgewinnung<br>Fassade mit sehr guter Aussenw\u00e4rmed\u00e4mmung, verputzt<br>Lift: 8-Personenlift vom Unter-Geschoss bis ins oberstes Attika Geschoss<br>LED-Beleuchtung (hell warmweiss, langlebig, spart Stromkosten)<br>Umgebung: Vielseitige und grossz\u00fcgige <a href=\"http:\/\/kirchstrasse.ch\/?page_id=1145\" target=\"_new\" rel=\"noopener noreferrer\">Gartenanlage<\/a> mit Spiel und Ruhe-Zonen, mit speziell hochwertiger, nachhaltiger und einheimischer Bepflanzung<\/p>\n<h3>Wohnung<\/h3>\n<p>Bodenbel\u00e4ge: Wohn-, Schlafr\u00e4ume und K\u00fcche durchgehend mit Feinsteinzeug sprich Keramikplatten helles anthrazit, Nassr\u00e4ume keramische Bodenplatten hell<\/p>\n<p>W\u00e4nde: Abrieb<br>Decken: Spritzputz<br>Entr\u00e9e\/Eingang: eingebaute Deckenspots elektronisch gedimmt, grossz\u00fcgig mit Platz f\u00fcr Hutablage\/Schirmst\u00e4nder etc.<\/p>\n<h3>K\u00fcche<\/h3>\n<p>Fronten Kunstharz beschichtet, Arbeitsfl\u00e4che Granitabdeckung massiv, R\u00fcckwand Glas farbig (sehr praktisch zu reinigen)<\/p>\n<p>Kochfeld: <a title=\"Induktion\" href=\"http:\/\/www.vzug.com\/view\/ch\/de\/content\/faqs_hob\" target=\"_blank\" rel=\"noopener noreferrer\">Induktion-<\/a>Glaskeramikkochfeld mit Restw\u00e4remanzeige, touch-control Bedienung<br>Dampfabzug: chromstahl, Versch. Leistungsstufen und Beleuchtung, Aktivkohlefilter longlife Ausf\u00fchrung und Fett-Filter (Geschirrsp\u00fclertauglich)<br>Geschirrsp\u00fcler: chromstahl bzw. voll-intergriert, mehrere Sp\u00fclprogramme<br>Ofen: chromstahl Einbauofen, Heissluft, Ober- &amp; Unterhitze, Grill<br>K\u00fchlschrank: Energieeffizienzklasse, Gefrierkombination ~240L, 2 T\u00fcren K\u00fchlteil ~170L\/Gefrierteil 70L (je nach Wohnungstyp)<br>Die K\u00fcchenger\u00e4te sind von der <img loading=\"lazy\" decoding=\"async\" class=\"wp-image-1227 alignnone\" src=\"http:\/\/kirchstrasse.ch\/wp\/wp-content\/uploads\/2013\/11\/ch.png\" alt=\"ch\" width=\"18\" height=\"18\">Schweizer Marke VZUG, energiesparend, Energieeffizienzklasse A bzw. A+++<\/p>\n<h3>Elektrische Installationen<\/h3>\n<p>Feller Edizio, TV, Radio, Tel in allen Zimmern m\u00f6glich, ausger\u00fcstet zweimal<br>Der Anbieter (Cablecom, Swisscom etc.) kann vom Mieter selbst gew\u00e4hlt werden<br>Gegensprechanlage mit T\u00fcr\u00f6ffner<\/p>\n<h3>Nassr\u00e4ume<\/h3>\n<p>jeweils ein Bad mit WC sowie ein separates WC mit Dusche (Studio Dusche\/WC)<br>Platten: Keramische Bodenplatten grau, Keramische Wandplatten weiss<br>W\u00e4nde Abrieb<\/p>\n<h3>Nassraum: Bad\/WC<\/h3>\n<p>Rechteckiges Lavabo Spiegelschrank mit Steckdose und zus\u00e4tzliche Beleuchtung<br>WC und Badewanne<\/p>\n<p>Tageslicht\/Fenster bei allen 4.5 Zimmer Wohnungen und Attika<\/p>\n<p>Waschen\/Trocknen: Je ein Energiesparender Waschautomat und ein Tumbler mit Kondensationstrockung und W\u00e4rmepumpe in jeder Wohnung<br>Die Ger\u00e4te sind energiesparend, Energieeffizienzklasse A bzw. A+++<\/p>\n<h3>Nassraum: Dusche\/WC<\/h3>\n<p>Rechteckiges Einzellavabo Spiegelschrank mit Steckdose und zus\u00e4tzliche Beleuchtung<br>WC und Dusche<\/p>\n<p>Ein Dusch-WC (<a title=\"Geberit\" href=\"http:\/\/www.geberit.ch\/aquaclean\" target=\"_blank\" rel=\"noopener noreferrer\">Geberit Aquaclean<\/a> oder Andere) Anschluss ist vorbereitet und gegen Kosten\u00fcbernahme m\u00f6glich<\/p>\n<h3>Heizung<\/h3>\n<p>Durchg\u00e4ngige, wohlig warme, Fussbodenheizung, individuell pro Raum selbst regelbar<br>Modernste Heizzentrale mit sehr hohem Wirkungsgrad, zentrale Warmwasseraufbereitung(Boiler)<\/p>\n<h3>Komfortl\u00fcftung\/Wohnungsl\u00fcftung<\/h3>\n<p>Moderne Komfortl\u00fcftung in jeder einzelnen Wohnung, individuelle Fernbedienung\/Steuerzentrale pro Wohnung, mit Zu- und Fortluftfilter sowie Schalld\u00e4mmmung (F\u00fcr Allergiker: Pollenfilter F7). Mit dem neusten Kreuz-Gegenstromenthalpietauscher mit W\u00e4rmer\u00fcckgewinnung ohne die Luft auszutrocknen. F\u00fcr den Sommer gibt es einen automatischen Sommer-Bypass (K\u00fchlung). Die Fenster k\u00f6nnen jederzeit problemlos offen sein.<\/p>\n<h3>Fenster<\/h3>\n<p>Sehr grosse und raumhohe Fenster (Kunststoff in Verbindung mit W\u00e4rme- und Schallisolationsglas), Fensterb\u00e4nke in Aluminium, Vorhangschienen an der Decke montiert<br>(Attika 4.5, C301 &#8211; zus\u00e4tzlich mit Oberlichter)<\/p>\n<h3>Sonnenschutz \/ Storen<\/h3>\n<p>Rafflamellenstoren mit Gelenkkurbel<br>Markisen 3,5 m breit mit Gelenkkurbel<br>manuell, Attikawohnung mit Knickarmmarkise<\/p>\n<h3>Balkone<\/h3>\n<p>Alle Balkone und Gartensitzpl\u00e4tze haben eine weit \u00fcberdurchschnittliche Gr\u00f6sse.<br>Boden Beton, Staketengel\u00e4nder mit Chromhandlauf, LED-Leuchte, Steckdose mit Abdeckung<\/p>\n<h3>Kellerabteil<\/h3>\n<p>Jede Wohnung hat ein grosses Kellerabteil mit 7.7, 8.3 bzw. 10m\u00b2 und eigenem Stromanschluss sowie LED-Leuchte. LED-Leuchten sind hell, angenehm warmweiss, halten f\u00fcr Jahre und sparen Stromkosten<\/p>\n<h3>Diverses<\/h3>\n<p>Das Halten von Haustieren wie Hunde, Katzen, Hasen, Papageien, Reptilien oder \u00e4hnliche sowie das Aufstellen von Aquarien (ausgenommen kleine) bed\u00fcrfen einer schriftlichen Bewilligung des Vermieters. Hunde k\u00f6nnen nicht bewilligt werden, s\u00e4mtliche giftigen oder gef\u00e4hrlichen Tiere sind untersagt.<\/p>\n<p>&nbsp;<\/p>\n<p><a href=\"http:\/\/kirchstrasse.ch\/?page_id=13\">&#8230;.kontaktieren Sie uns&#8230;.<img loading=\"lazy\" decoding=\"async\" class=\"alignnone wp-image-370\" src=\"http:\/\/kirchstrasse.ch\/wp\/wp-content\/uploads\/2013\/04\/mail.png\" alt=\"28px-Crystal_Clear_app_xfmail\" width=\"28\" height=\"28\"><\/a><\/p>\n<p>&nbsp;<\/p>\n<p>&nbsp;<\/p>\n<p><em>&#8230;wichtig in der Hausordnung ist die gegenseitige R\u00fccksichtsnahme &#8211; damit wird ein h\u00f6chstmas an individueller Freiheit erreicht&#8230;<\/em><\/p>\n<p><!--Fusszeile--><br>[php slug=fusszeiledatum]<\/p>\n","protected":false},"excerpt":{"rendered":"","protected":false},"author":3,"featured_media":0,"parent":2219,"menu_order":0,"comment_status":"closed","ping_status":"closed","template":"","meta":{"site-sidebar-layout":"default","site-content-layout":"","ast-site-content-layout":"default","site-content-style":"default","site-sidebar-style":"default","ast-global-header-display":"","ast-banner-title-visibility":"","ast-main-header-display":"","ast-hfb-above-header-display":"","ast-hfb-below-header-display":"","ast-hfb-mobile-header-display":"","site-post-title":"","ast-breadcrumbs-content":"","ast-featured-img":"","footer-sml-layout":"","ast-disable-related-posts":"","theme-transparent-header-meta":"","adv-header-id-meta":"","stick-header-meta":"","header-above-stick-meta":"","header-main-stick-meta":"","header-below-stick-meta":"","astra-migrate-meta-layouts":"default","ast-page-background-enabled":"default","ast-page-background-meta":{"desktop":{"background-color":"var(--ast-global-color-4)","background-image":"","background-repeat":"repeat","background-position":"center center","background-size":"auto","background-attachment":"scroll","background-type":"","background-media":"","overlay-type":"","overlay-color":"","overlay-opacity":"","overlay-gradient":""},"tablet":{"background-color":"","background-image":"","background-repeat":"repeat","background-position":"center center","background-size":"auto","background-attachment":"scroll","background-type":"","background-media":"","overlay-type":"","overlay-color":"","overlay-opacity":"","overlay-gradient":""},"mobile":{"background-color":"","background-image":"","background-repeat":"repeat","background-position":"center center","background-size":"auto","background-attachment":"scroll","background-type":"","background-media":"","overlay-type":"","overlay-color":"","overlay-opacity":"","overlay-gradient":""}},"ast-content-background-meta":{"desktop":{"background-color":"var(--ast-global-color-5)","background-image":"","background-repeat":"repeat","background-position":"center center","background-size":"auto","background-attachment":"scroll","background-type":"","background-media":"","overlay-type":"","overlay-color":"","overlay-opacity":"","overlay-gradient":""},"tablet":{"background-color":"var(--ast-global-color-5)","background-image":"","background-repeat":"repeat","background-position":"center center","background-size":"auto","background-attachment":"scroll","background-type":"","background-media":"","overlay-type":"","overlay-color":"","overlay-opacity":"","overlay-gradient":""},"mobile":{"background-color":"var(--ast-global-color-5)","background-image":"","background-repeat":"repeat","background-position":"center center","background-size":"auto","background-attachment":"scroll","background-type":"","background-media":"","overlay-type":"","overlay-color":"","overlay-opacity":"","overlay-gradient":""}},"footnotes":""},"class_list":["post-2213","page","type-page","status-publish","hentry"],"_links":{"self":[{"href":"https:\/\/kirchstrasse.ch\/index.php?rest_route=\/wp\/v2\/pages\/2213","targetHints":{"allow":["GET"]}}],"collection":[{"href":"https:\/\/kirchstrasse.ch\/index.php?rest_route=\/wp\/v2\/pages"}],"about":[{"href":"https:\/\/kirchstrasse.ch\/index.php?rest_route=\/wp\/v2\/types\/page"}],"author":[{"embeddable":true,"href":"https:\/\/kirchstrasse.ch\/index.php?rest_route=\/wp\/v2\/users\/3"}],"replies":[{"embeddable":true,"href":"https:\/\/kirchstrasse.ch\/index.php?rest_route=%2Fwp%2Fv2%2Fcomments&post=2213"}],"version-history":[{"count":2,"href":"https:\/\/kirchstrasse.ch\/index.php?rest_route=\/wp\/v2\/pages\/2213\/revisions"}],"predecessor-version":[{"id":2224,"href":"https:\/\/kirchstrasse.ch\/index.php?rest_route=\/wp\/v2\/pages\/2213\/revisions\/2224"}],"up":[{"embeddable":true,"href":"https:\/\/kirchstrasse.ch\/index.php?rest_route=\/wp\/v2\/pages\/2219"}],"wp:attachment":[{"href":"https:\/\/kirchstrasse.ch\/index.php?rest_route=%2Fwp%2Fv2%2Fmedia&parent=2213"}],"curies":[{"name":"wp","href":"https:\/\/api.w.org\/{rel}","templated":true}]}}