{"id":7,"date":"2011-07-13T21:43:55","date_gmt":"2011-07-13T20:43:55","guid":{"rendered":"http:\/\/kirchstrasse.ch\/wp\/?page_id=7"},"modified":"2017-11-04T08:28:36","modified_gmt":"2017-11-04T07:28:36","slug":"info1","status":"publish","type":"page","link":"https:\/\/kirchstrasse.ch\/?page_id=7","title":{"rendered":"Lage &#038; Umgebung"},"content":{"rendered":"<h3>R\u00fcmlang<\/h3>\n<p><span style=\"color: #008000;\"><em>..ganz schnell in der Stadt und doch im Gr\u00fcnen auf dem Land&#8230;<\/em><\/span><br \/>\nR\u00fcmlang bietet alles was eine gute Wohnqualit\u00e4t garantiert. Das Dorf hat viele angenehme und sch\u00f6ne Seiten wie beispielsweise den alten Dorfkern, die historischen H\u00f6fe in der\u00a0\u00a0<a title=\"Katzenr\u00fcti\" href=\"http:\/\/de.wikipedia.org\/wiki\/Jakob_Gujer\" target=\"_blank\" rel=\"noopener\">&#8222;Katzenr\u00fcti<\/a>&#8220; und seine Naturschutzgebiete am Katzensee oder an der Glatt. Die Uferwege der Glatt laden geradezu dazu ein, sich an der frischen Luft zu bewegen und die Natur immer wieder neu zu entdecken. Der <a title=\"Katzensee\" href=\"http:\/\/de.wikipedia.org\/wiki\/Katzensee\" target=\"_blank\" rel=\"noopener\">Katzensee<\/a>, ein\u00a0kleiner Badesee, ist per Velo in 10 Minuten zu erreichen. Aber ganz einfach auch die W\u00e4lder, die Wiesen und Felder bieten Lebensraum von grosser G\u00fcte.<\/p>\n<p>Dank der ausgezeichneten Anbindung an den \u00f6ffentlichen wie auch den privaten Verkehr sind Sie schnell in der Stadt Z\u00fcrich, dem Flughafen und auf allen wichtigen Autobahnen. Aber auch in R\u00fcmlang selbst finden Sie alles, was es zum Leben braucht. Ein breites Angebot an guten Schulen, Kinderbetreuung, \u00c4rzte, Sportanlagen, Hallenbad, zahlreiche Einkaufsl\u00e4den und Grossverteiler, Spezialit\u00e4tenl\u00e4den und viele Vereine z\u00e4hlen zum Infrastrukturangebot dieser Gemeinde der es erfolgreich gelingt seinen Charme und Charakter in der Agglomeration von Z\u00fcrich zu erhalten.<\/p>\n<h3>Video Gemeinde R\u00fcmlang<\/h3>\n<div class=\"ast-oembed-container \" style=\"height: 100%;\"><iframe loading=\"lazy\" title=\"R\u00fcmlang - ein attraktiver Wohnort!\" width=\"500\" height=\"281\" src=\"https:\/\/www.youtube.com\/embed\/iwrpi2jibW4?feature=oembed\" frameborder=\"0\" allow=\"accelerometer; autoplay; clipboard-write; encrypted-media; gyroscope; picture-in-picture; web-share\" referrerpolicy=\"strict-origin-when-cross-origin\" allowfullscreen><\/iframe><\/div>\n<hr \/>\n<h3>Karte R\u00fcmlang<\/h3>\n<p><script type=\"text\/javascript\" src=\"\/\/map.search.ch\/api\/map.js\"><\/script><br \/>\n<script type=\"text\/javascript\">new SearchChMap({center:\"8153 R\u00fcmlang\/Kirchstr. 16\",zoom:1,poigroups:\"default\"});<\/script><\/p>\n<div id=\"mapcontainer\" style=\"width: 560px; height: 420px; border: 1px solid #888;\"><noscript><\/p>\n<div>\n    <a target=\"_top\" href=\"https:\/\/map.search.ch\/R%C3%BCmlang,Kirchstr.16?z=512\"><br \/>\n<img decoding=\"async\" src=\"\/\/map.search.ch\/chmap.jpg?base=8153+R%C3%BCmlang%2FKirchstr.+16&#038;layer=sym,fg,copy,circle,ruler&#038;w=560&#038;h=420&#038;x=m&#038;y=m&#038;zd=1&#038;poi=bergbahn,haltestelle,parking,viasuisse,zug\" style=\"border:0\" id=\"mapimg\" alt=\"Karte: kirchsstrasse 16, r\u00fcmlang\" \/><br \/>\n<\/a><\/div>\n<p><\/noscript><\/div>\n<hr \/>\n<p>&nbsp;<\/p>\n<h3>Mit dem \u00f6ffentlicher Verkehr<\/h3>\n<p>Den Bahnhof R\u00fcmlang erreicht man in <strong>nur 4min. zu Fuss<\/strong><br \/>\nZ\u00fcrich HB &#8211; nur 15 Minuten, Direktverbindung mit der S9 + S15 (mindestens alle 15 Minuten ein Zug)<br \/>\nZ\u00fcrich Flughafen &#8211; nur 11 Minuten, Direktverbindung regelm\u00e4ssig mit dem Bus 510<br \/>\nGlattalbahn &#8211;\u00a0 mit dem Zug eine Station oder dem Bus 510<\/p>\n<p>Bitte klicken Sie hier f\u00fcr die n\u00e4chsten Verbindungen <a href=\"https:\/\/online.fahrplan.zvv.ch\/bin\/query.exe\/dn?S=R%C3%BCmlang&#038;Z=Z%C3%BCrich%20HB&#038;start=1\" rel=\"noopener\" target=\"_blank\">R\u00fcmlang nach Z\u00fcrich HB<\/a><\/p>\n<p>&nbsp;<\/p>\n<h3>Einkaufen, Schulen<\/h3>\n<p>Migros, Aldi, Spar und viele Andere sind bequem in 3min zu Fuss zu erreichen<br \/>\nCoop, Denner, TopCC und Andere im Zentrum Riedmatt am Dorfrand<\/p>\n<p>Der Kindergarten &#8222;Chratz&#8220;\u00a0ist\u00a0in\u00a0wenigen Schritten zu erreichen<br \/>\nBeide\u00a0Primarschulen, &#8222;R\u00fcmelbach&#8220; oder &#8222;Worbiger&#8220;, sind zu Fuss in weniger als 10min zu erreichen<br \/>\nDie Oberstufe &#8222;Worbiger&#8220; zu Fuss in 10min<br \/>\nDie Kantonschulen\/Gymnasien &#8222;B\u00fclach&#8220; oder &#8222;Z\u00fcrich-Oerlikon&#8220;, sowie\u00a0verschiedene Schulen\u00a0in Z\u00fcrich in 15min mit dem Zug<\/p>\n<p>&#8230;weitere Informationen finden Sie auch auf der <a title=\"ruemlang\" href=\"http:\/\/www.ruemlang.ch\" target=\"_blank\" rel=\"noopener\">Homepage der Gemeinde R\u00fcmlang<\/a><\/p>\n<hr \/>\n<p>&nbsp;<\/p>\n","protected":false},"excerpt":{"rendered":"<p>R\u00fcmlang ..ganz schnell in der Stadt und doch im Gr\u00fcnen auf dem Land&#8230; R\u00fcmlang bietet alles was eine gute Wohnqualit\u00e4t garantiert. Das Dorf hat viele angenehme und sch\u00f6ne Seiten wie beispielsweise den alten Dorfkern, die historischen H\u00f6fe in der\u00a0\u00a0&#8222;Katzenr\u00fcti&#8220; und seine Naturschutzgebiete am Katzensee oder an der Glatt. Die Uferwege der Glatt laden geradezu dazu [&hellip;]<\/p>\n","protected":false},"author":3,"featured_media":0,"parent":0,"menu_order":4,"comment_status":"closed","ping_status":"closed","template":"","meta":{"site-sidebar-layout":"default","site-content-layout":"","ast-site-content-layout":"default","site-content-style":"default","site-sidebar-style":"default","ast-global-header-display":"","ast-banner-title-visibility":"","ast-main-header-display":"","ast-hfb-above-header-display":"","ast-hfb-below-header-display":"","ast-hfb-mobile-header-display":"","site-post-title":"","ast-breadcrumbs-content":"","ast-featured-img":"","footer-sml-layout":"","ast-disable-related-posts":"","theme-transparent-header-meta":"","adv-header-id-meta":"","stick-header-meta":"","header-above-stick-meta":"","header-main-stick-meta":"","header-below-stick-meta":"","astra-migrate-meta-layouts":"default","ast-page-background-enabled":"default","ast-page-background-meta":{"desktop":{"background-color":"var(--ast-global-color-4)","background-image":"","background-repeat":"repeat","background-position":"center center","background-size":"auto","background-attachment":"scroll","background-type":"","background-media":"","overlay-type":"","overlay-color":"","overlay-opacity":"","overlay-gradient":""},"tablet":{"background-color":"","background-image":"","background-repeat":"repeat","background-position":"center center","background-size":"auto","background-attachment":"scroll","background-type":"","background-media":"","overlay-type":"","overlay-color":"","overlay-opacity":"","overlay-gradient":""},"mobile":{"background-color":"","background-image":"","background-repeat":"repeat","background-position":"center center","background-size":"auto","background-attachment":"scroll","background-type":"","background-media":"","overlay-type":"","overlay-color":"","overlay-opacity":"","overlay-gradient":""}},"ast-content-background-meta":{"desktop":{"background-color":"var(--ast-global-color-5)","background-image":"","background-repeat":"repeat","background-position":"center center","background-size":"auto","background-attachment":"scroll","background-type":"","background-media":"","overlay-type":"","overlay-color":"","overlay-opacity":"","overlay-gradient":""},"tablet":{"background-color":"var(--ast-global-color-5)","background-image":"","background-repeat":"repeat","background-position":"center center","background-size":"auto","background-attachment":"scroll","background-type":"","background-media":"","overlay-type":"","overlay-color":"","overlay-opacity":"","overlay-gradient":""},"mobile":{"background-color":"var(--ast-global-color-5)","background-image":"","background-repeat":"repeat","background-position":"center center","background-size":"auto","background-attachment":"scroll","background-type":"","background-media":"","overlay-type":"","overlay-color":"","overlay-opacity":"","overlay-gradient":""}},"footnotes":""},"class_list":["post-7","page","type-page","status-publish","hentry"],"_links":{"self":[{"href":"https:\/\/kirchstrasse.ch\/index.php?rest_route=\/wp\/v2\/pages\/7","targetHints":{"allow":["GET"]}}],"collection":[{"href":"https:\/\/kirchstrasse.ch\/index.php?rest_route=\/wp\/v2\/pages"}],"about":[{"href":"https:\/\/kirchstrasse.ch\/index.php?rest_route=\/wp\/v2\/types\/page"}],"author":[{"embeddable":true,"href":"https:\/\/kirchstrasse.ch\/index.php?rest_route=\/wp\/v2\/users\/3"}],"replies":[{"embeddable":true,"href":"https:\/\/kirchstrasse.ch\/index.php?rest_route=%2Fwp%2Fv2%2Fcomments&post=7"}],"version-history":[{"count":1,"href":"https:\/\/kirchstrasse.ch\/index.php?rest_route=\/wp\/v2\/pages\/7\/revisions"}],"predecessor-version":[{"id":1923,"href":"https:\/\/kirchstrasse.ch\/index.php?rest_route=\/wp\/v2\/pages\/7\/revisions\/1923"}],"wp:attachment":[{"href":"https:\/\/kirchstrasse.ch\/index.php?rest_route=%2Fwp%2Fv2%2Fmedia&parent=7"}],"curies":[{"name":"wp","href":"https:\/\/api.w.org\/{rel}","templated":true}]}}